te the remainder when 1885 is divided by 41.
40
What is the remainder when 286 is divided by 16?
14
What is the remainder when 646 is divided by 28?
2
Calculate the remainder when 272 is divided by 5.
2
Calculate the remainder when 5630 is divided by 128.
126
What is the remainder when 637 is divided by 210?
7
What is the remainder when 118 is divided by 27?
10
What is the remainder when 317 is divided by 29?
27
What is the remainder when 159 is divided by 5?
4
What is the remainder when 352 is divided by 115?
7
What is the remainder when 76 is divided by 28?
20
Calculate the remainder when 633 is divided by 155.
13
Calculate the remainder when 449 is divided by 18.
17
What is the remainder when 5373 is divided by 19?
15
What is the remainder when 202 is divided by 70?
62
Calculate the remainder when 165 is divided by 120.
45
Calculate the remainder when 132 is divided by 16.
4
Calculate the remainder when 5717 is divided by 52.
49
What is the remainder when 112 is divided by 39?
34
Calculate the remainder when 33 is divided by 18.
15
Calculate the remainder when 196 is divided by 96.
4
What is the remainder when 122 is divided by 43?
36
Calculate the remainder when 406 is divided by 203.
0
Calculate the remainder when 2615 is divided by 10.
5
What is the remainder when 60 is divided by 21?
18
What is the remainder when 2194 is divided by 36?
34
Calculate the remainder when 136 is divided by 105.
31
What is the remainder when 1267 is divided by 140?
7
What is the remainder when 265 is divided by 95?
75
Calculate the remainder when 8291 is divided by 35.
31
What is the remainder when 432 is divided by 87?
84
What is the remainder when 540 is divided by 10?
0
What is the remainder when 384 is divided by 32?
0
Calculate the remainder when 698 is divided by 20.
18
What is the remainder when 114 is divided by 24?
18
Calculate the remainder when 64 is divided by 28.
8
Calculate the remainder when 3284 is divided by 3.
2
What is the remainder when 403 is divided by 15?
13
Calculate the remainder when 750 is divided by 29.
25
Calculate the remainder when 593 is divided by 121.
109
What is the remainder when 1763 is divided by 7?
6
What is the remainder when 2091 is divided by 25?
16
Calculate the remainder when 553 is divided by 31.
26
Calculate the remainder when 294 is divided by 37.
35
What is the remainder when 4543 is divided by 71?
70
Calculate the remainder when 141 is divided by 82.
59
What is the remainder when 1127 is divided by 103?
97
What is the remainder when 413 is divided by 104?
101
Calculate the remainder when 98 is divided by 20.
18
What is the remainder when 1291 is divided by 97?
30
Calculate the remainder when 33373 is divided by 41.
40
Calculate the remainder when 1535 is divided by 32.
31
Calculate the remainder when 229 is divided by 40.
29
What is the remainder when 280 is divided by 148?
132
What is the remainder when 137 is divided by 60?
17
Calculate the remainder when 52 is divided by 50.
2
Calculate the remainder when 635 is divided by 80.
75
Calculate the remainder when 205 is divided by 8.
5
Calculate the remainder when 207 is divided by 69.
0
Calculate the remainder when 115 is divided by 39.
37
Calculate the remainder when 2364 is divided by 23.
18
Calculate the remainder when 3166 is divided by 16.
14
Calculate the remainder when 6 is divided by 2.
0
What is the remainder when 322 is divided by 161?
0
What is the remainder when 98 is divided by 23?
6
What is the remainder when 4730 is divided by 57?
56
Calculate the remainder when 443 is divided by 101.
39
Calculate the remainder when 234 is divided by 99.
36
What is the remainder when 415 is divided by 53?
44
What is the remainder when 301 is divided by 50?
1
Calculate the remainder when 1249 is divided by 414.
7
What is the remainder when 7755 is divided by 97?
92
What is the remainder when 80 is divided by 53?
27
Calculate the remainder when 161 is divided by 17.
8
What is the remainder when 4453 is divided by 1481?
10
Calculate the remainder when 867 is divided by 220.
207
What is the remainder when 285 is divided by 26?
25
What is the remainder when 1908 is divided by 58?
52
What is the remainder when 1699 is divided by 27?
25
What is the remainder when 121 is divided by 37?
10
Calculate the remainder when 899 is divided by 162.
89
What is the remainder when 489 is divided by 171?
147
Calculate the remainder when 4237 is divided by 106.
103
Calculate the remainder when 114 is divided by 18.
6
What is the remainder when 108 is divided by 40?
28
Calculate the remainder when 737 is divided by 363.
11
Calculate the remainder when 4308 is divided by 430.
8
Calculate the remainder when 419 is divided by 28.
27
Calculate the remainder when 129 is divided by 44.
41
What is the remainder when 76 is divided by 45?
31
Calculate the remainder when 66 is divided by 48.
18
Calculate the remainder when 2507 is divided by 38.
37
What is the remainder when 39 is divided by 20?
19
What is the remainder when 119 is divided by 4?
3
What is the remainder when 128 is divided by 83?
45
Calculate the remainder when 2588 is divided by 54.
50
Calculate the remainder when 3 is divided by 2.
1
Calculate the remainder when 169 is divided by 150.
19
What is the remainder when 1987 is divided by 11?
7
Calculate the remainder when 18392 is divided by 292.
288
Calculate the remainder when 573 is divided by 25.
23
What is the remainder when 1619 is divided by 14?
9
Calculate the remainder when 524 is divided by 224.
76
Calculate the remainder when 7518 is divided by 10.
8
Calculate the remainder when 454 is divided by 114.
112
What is the remainder when 483 is divided by 102?
75
Calculate the remainder when 4617 is divided by 35.
32
What is the remainder when 118 is divided by 16?
6
Calculate the remainder when 669 is divided by 21.
18
Calculate the remainder when 81 is divided by 43.
38
What is the remainder when 620 is divided by 16?
12
Calculate the remainder when 724 is divided by 493.
231
Calculate the remainder when 611 is divided by 174.
89
What is the remainder when 1496 is divided by 299?
1
Calculate the remainder when 922 is divided by 22.
20
What is the remainder when 1471 is divided by 32?
31
Calculate the remainder when 1228 is divided by 26.
6
What is the remainder when 448 is divided by 274?
174
Calculate the remainder when 71 is divided by 4.
3
Calculate the remainder when 204 is divided by 192.
12
Calculate the remainder when 499 is divided by 84.
79
Calculate the remainder when 544 is divided by 141.
121
What is the remainder when 699 is divided by 13?
10
What is the remainder when 190 is divided by 34?
20
What is the remainder when 567 is divided by 52?
47
Calculate the remainder when 156 is divided by 62.
32
What is the remainder when 332 is divided by 31?
22
What is the remainder when 572 is divided by 23?
20
Calculate the remainder when 6953 is divided by 38.
37
What is the remainder when 77 is divided by 40?
37
Calculate the remainder when 1069 is divided by 86.
37
Calculate the remainder when 1398 is divided by 52.
46
What is the remainder when 409 is divided by 97?
21
Calculate the remainder when 167 is divided by 6.
5
What is the remainder when 350 is divided by 9?
8
Calculate the remainder when 1505 is divided by 154.
119
Calculate the remainder when 1049 is divided by 53.
42
What is the remainder when 121 is divided by 81?
40
Calculate the remainder when 1380 is divided by 454.
18
Calculate the remainder when 798 is divided by 172.
110
What is the remainder when 1024 is divided by 299?
127
Calculate the remainder when 303 is divided by 97.
12
Calculate the remainder when 310 is divided by 79.
73
What is the remainder when 2359 is divided by 182?
175
Calculate the remainder when 776 is divided by 26.
22
What is the remainder when 168 is divided by 13?
12
Calculate the remainder when 34 is divided by 17.
0
Calculate the remainder when 11253 is divided by 56.
53
Calculate the remainder when 297 is divided by 13.
11
What is the remainder when 415 is divided by 105?
100
Calculate the remainder when 398 is divided by 112.
62
What is the remainder when 185 is divided by 55?
20
What is the remainder when 60 is divided by 22?
16
Calculate the remainder when 2343 is divid